{"id":279,"date":"2018-05-18T19:06:04","date_gmt":"2018-05-18T17:06:04","guid":{"rendered":"http:\/\/www.kendo-tirol.com\/site\/?page_id=279"},"modified":"2019-12-11T10:56:19","modified_gmt":"2019-12-11T09:56:19","slug":"datenschutzerklaerung","status":"publish","type":"page","link":"http:\/\/www.kendo-tirol.com\/site\/datenschutzerklaerung\/","title":{"rendered":"Datenschutz"},"content":{"rendered":"<h3>Datenschutzerkl\u00e4rung: Zur Erf\u00fcllung der datenschutzrechtlichen Informationspflichten f\u00fcr Websiten<\/h3>\n<p>Der Schutz von personenbezogenen Daten ist uns ein wichtiges Anliegen. Daher verarbeiten wir Ihre Daten ausschlie\u00dflich aufgrund der geltenden gesetzlichen Bestimmungen (DSGVO, DSG, TKG 2003). Auf dieser Seite informieren wir Sie \u00fcber die wichtigsten Aspekte zur Datenverarbeitung im Rahmen unserer Website: www.kendo-tirol.com.<\/p>\n<h3>Kontakt mit uns<\/h3>\n<p>Wenn Sie <a href=\"http:\/\/www.kendo-tirol.com\/site\/ueber-uns\/vorstand-kontakt\/\">Kontakt<\/a> \u00fcber eine unserer E-Mail-Adressen mit uns aufnehmen, nehmen wir eine Einwilligung Ihrerseits zur vereinsinternen Verarbeitung der mittels E-Mail \u00fcbermittelten Daten zwecks Bearbeitung Ihrer Anfrage im Sinne von Artikel 6 Absatz 1 lit. a (&#8222;Rechtm\u00e4\u00dfigkeit der Verarbeitung&#8220;) der Datenschutzgrundverordnung (&#8222;DSGVO&#8220;; Verordnung (EU) 2016\/679) an. Die Dauer der Speicherung dieser Daten ist prinzipiell unbegrenzt. Diese Daten geben wir nicht ohne Ihre Einwilligung an Dritte au\u00dferhalb des Vereins weiter.<\/p>\n<h3>Kommentare, Kontaktformulare<\/h3>\n<p>Es gibt keine Kommentarfunktion f\u00fcr Besucher dieser Website. Es gibt keine Kontaktformulare auf dieser Website. Kontaktaufnahme ist ausschlie\u00dflich \u00fcber E-Mail m\u00f6glich.<\/p>\n<h3>Cookies<\/h3>\n<p>Au\u00dfer f\u00fcr die Administratoren dieser Website besteht keine M\u00f6glichkeit, Inhalt zu ver\u00f6ffentlichen.<\/p>\n<p>Im Falle einer Anmeldung auf dieser Website wird ein tempor\u00e4res Cookie gesetzt, um festzustellen, ob der Browser Cookies akzeptiert. Dieses Cookie enth\u00e4lt keine personenbezogenen Daten und wird verworfen, wenn der Browser geschlossen wird.<\/p>\n<p>Im Falle einer Anmeldung , werden einige Cookies eingerichtet, um Anmeldeinformationen und Anzeigeoptionen zu speichern. Anmelde-Cookies verfallen nach zwei Tagen und Cookies f\u00fcr die Anzeigeoptionen nach einem Jahr. Falls Anmeldung \u201eAngemeldet bleiben\u201c ausgew\u00e4hlt wird, wird die Anmeldung zwei Wochen lang aufrechterhalten. Mit der Abmeldung aus dem Konto werden die Anmelde-Cookies gel\u00f6scht.<\/p>\n<p>Wenn Artikel bearbeitet oder ver\u00f6ffentlicht werden, wird ein zus\u00e4tzlicher Cookie im Browser gespeichert. Dieser Cookie enth\u00e4lt keine personenbezogenen Daten und verweist nur auf die Beitrags-ID des Artikels, der gerade bearbeitet wurde. Der Cookie verf\u00e4llt nach einem Tag.<\/p>\n<h3>Eingebettete Inhalte von anderen Websites<\/h3>\n<p>Beitr\u00e4ge auf dieser Website k\u00f6nnen eingebettete Inhalte beinhalten (z.\u00a0B. Videos, Bilder, Beitr\u00e4ge etc.). Eingebettete Inhalte von anderen Websites verhalten sich exakt so, als ob der Besucher die andere Website besucht h\u00e4tte.<\/p>\n<p>Diese Websites k\u00f6nnen (personenbezogene) Daten sammeln, Cookies benutzen, zus\u00e4tzliche Tracking-Dienste von Dritten einbetten und die Interaktion mit diesem eingebetteten Inhalt aufzeichnen, inklusive der Interaktion mit dem eingebetteten Inhalt, im Falle eines Kontos und Anmeldung auf dieser Website.<\/p>\n<h3>Analysedienste<\/h3>\n<p>Aus Gr\u00fcnden der Betriebssicherheit, zur Erstellung der Zugriffsstatistik usw. werden durch den Internet Service Provider Webserver-Logfiles erstellt. Diese Logdateien werden zwei Wochen lang gespeichert und werden danach automatisiert gel\u00f6scht. Die Logdateien enthalten folgende Informationen:<br \/>\n&#8211; die aufgerufene Seite (URL)<br \/>\n&#8211; der Browser bzw. die Browserversion<br \/>\n&#8211; das verwendete Betriebssystem<br \/>\n&#8211; die Referrer URL (die zuvor besuchte Seite)<br \/>\n&#8211; Hostname und IP-Adresse des zugreifenden Rechners<br \/>\n&#8211; die Uhrzeit der Serveranfrage<\/p>\n<h3>Google Maps<\/h3>\n<p>Diese Webseite verwendet das Produkt Google Maps von Google LLC. Durch Nutzung dieser Webseite willigen Sie der Erfassung, Bearbeitung sowie Nutzung der automatisiert erhobenen Daten durch Google LLC, deren Vertreter sowie Dritter ein. Die Nutzungsbedingungen von Google Maps finden sie <a href=\"https:\/\/www.google.com\/intl\/de_de\/help\/terms_maps.html\">HIER<\/a>. Die Datenschutzerkl\u00e4rung von Google ist <a href=\"https:\/\/policies.google.com\/privacy?hl=de\">HIER<\/a> einsehbar.<\/p>\n<p>Die Verwendung von Google Maps liegt im berechtigten Interesse von Kendo Tirol, insbesondere um Mitgliedern und m\u00f6glichen Interessenten eine einfache und schnelle Darstellung der Position der Trainingslokalit\u00e4ten zu erm\u00f6glichen (im Sinne von Artikel 6 Absatz 1 lit. f DSGVO).<\/p>\n<h3>Google Calendar<\/h3>\n<p>Diese Webseite verwendet das Produkt Google Calendar von Google LLC im Rahme des Google Kalender-Partnerprogramms. Durch Nutzung dieser Webseite willigen Sie der Erfassung, Bearbeitung sowie Nutzung der automatisiert erhobenen Daten durch Google LLC, deren Vertreter sowie Dritter ein. Die Nutzungsbedingungen f\u00fcr das Google Kalender-Partnerprogramm finden sie <a href=\"https:\/\/www.google.com\/intl\/de\/googlecalendar\/partner_program_policies.html\">HIER<\/a>. Die Datenschutzerkl\u00e4rung von Google ist <a href=\"https:\/\/policies.google.com\/privacy?hl=de\">HIER<\/a> einsehbar.<\/p>\n<p>Die Verwendung von Google Calendar liegt im berechtigten Interesse von Kendo Tirol, insbesondere die schnell und unkompliziert m\u00f6gliche Zug\u00e4nglichkeit der aktuellen (Trainings-)Termine des Vereins und des \u00d6sterreichischen Kendoverbandes (AKA) f\u00fcr Mitglieder und m\u00f6gliche Interessenten (im Sinne von Artikel 6 Absatz 1 lit. f DSGVO).<\/p>\n<h3>Ihre Rechte<\/h3>\n<p>Im Rahmen der DSGVO und des DSG stehen Ihnen hinsichtlich Ihrer personenbezogenen Daten grunds\u00e4tzlich die Rechte auf <span lang=\"DE\">Auskunft, Berichtigung, L\u00f6schung, Einschr\u00e4nkung der Verarbeitung, Daten\u00fcbertragbarkeit, Widerruf und Widerspruch zu. <\/span><\/p>\n<p><span lang=\"DE\">Bitte wenden Sie sich in diesem Fall an:<br \/>\n<\/span><span lang=\"DE\"> datenschutz[at]kendo-tirol.com.<\/span><\/p>\n<p><span lang=\"DE\">Wenn Sie glauben, dass die Verarbeitung Ihrer Daten gegen das Datenschutzrecht verst\u00f6\u00dft oder Ihre datenschutzrechtlichen Anspr\u00fcche sonst in einer Weise verletzt worden sind, k\u00f6nnen Sie sich bei der Datenschutzbeh\u00f6rde beschweren.<\/span><\/p>\n","protected":false},"excerpt":{"rendered":"<p>Datenschutzerkl\u00e4rung: Zur Erf\u00fcllung der datenschutzrechtlichen Informationspflichten f\u00fcr Websiten Der Schutz von personenbezogenen Daten ist uns ein wichtiges Anliegen. Daher verarbeiten wir Ihre Daten ausschlie\u00dflich aufgrund der geltenden gesetzlichen Bestimmungen (DSGVO, DSG, TKG 2003). Auf dieser Seite informieren wir Sie \u00fcber die wichtigsten Aspekte zur Datenverarbeitung im Rahmen unserer Website: www.kendo-tirol.com. Kontakt mit uns Wenn Sie &hellip; <\/p>\n<p class=\"link-more\"><a href=\"http:\/\/www.kendo-tirol.com\/site\/datenschutzerklaerung\/\" class=\"more-link\"><span class=\"screen-reader-text\">\u201eDatenschutz\u201c <\/span>weiterlesen<\/a><\/p>\n","protected":false},"author":1,"featured_media":0,"parent":0,"menu_order":0,"comment_status":"closed","ping_status":"closed","template":"","meta":{"pgc_sgb_lightbox_settings":"","footnotes":""},"class_list":["post-279","page","type-page","status-publish","hentry"],"_links":{"self":[{"href":"http:\/\/www.kendo-tirol.com\/site\/wp-json\/wp\/v2\/pages\/279","targetHints":{"allow":["GET"]}}],"collection":[{"href":"http:\/\/www.kendo-tirol.com\/site\/wp-json\/wp\/v2\/pages"}],"about":[{"href":"http:\/\/www.kendo-tirol.com\/site\/wp-json\/wp\/v2\/types\/page"}],"author":[{"embeddable":true,"href":"http:\/\/www.kendo-tirol.com\/site\/wp-json\/wp\/v2\/users\/1"}],"replies":[{"embeddable":true,"href":"http:\/\/www.kendo-tirol.com\/site\/wp-json\/wp\/v2\/comments?post=279"}],"version-history":[{"count":12,"href":"http:\/\/www.kendo-tirol.com\/site\/wp-json\/wp\/v2\/pages\/279\/revisions"}],"predecessor-version":[{"id":572,"href":"http:\/\/www.kendo-tirol.com\/site\/wp-json\/wp\/v2\/pages\/279\/revisions\/572"}],"wp:attachment":[{"href":"http:\/\/www.kendo-tirol.com\/site\/wp-json\/wp\/v2\/media?parent=279"}],"curies":[{"name":"wp","href":"https:\/\/api.w.org\/{rel}","templated":true}]}}